s 50 divide 10081?
False
Is 23 a factor of 11316?
True
Is 12 a factor of 1137?
False
Is 709 a multiple of 12?
False
Is 13 a factor of 14612?
True
Is 20 a factor of 36229?
False
Is 20 a factor of 633?
False
Is 30 a factor of 58?
False
Is 31 a factor of 2759?
True
Does 4 divide 7439?
False
Does 79 divide 4044?
False
Is 13737 a multiple of 34?
False
Is 1406 a multiple of 6?
False
Is 11405 a multiple of 129?
False
Is 2772 a multiple of 33?
True
Is 110 a factor of 90774?
False
Is 153 a multiple of 11?
False
Does 11 divide 20433?
False
Is 35 a factor of 117111?
False
Is 18998 a multiple of 65?
False
Is 492 a multiple of 24?
False
Is 6085 a multiple of 5?
True
Is 110 a factor of 990?
True
Is 4 a factor of 650?
False
Is 5 a factor of 1115?
True
Does 174 divide 4571?
False
Does 5 divide 1015?
True
Is 9540 a multiple of 60?
True
Is 58 a factor of 253?
False
Does 10 divide 84?
False
Is 97 a factor of 9118?
True
Does 13 divide 58931?
False
Is 41 a factor of 7773?
False
Is 757 a multiple of 55?
False
Is 14292 a multiple of 6?
True
Is 5 a factor of 327?
False
Is 80 a factor of 15360?
True
Is 60 a factor of 1115?
False
Does 32 divide 7759?
False
Does 2 divide 69?
False
Does 5 divide 233?
False
Is 11931 a multiple of 39?
False
Does 267 divide 146224?
False
Is 57 a factor of 1938?
True
Does 45 divide 1601?
False
Does 26 divide 676?
True
Is 4082 a multiple of 54?
False
Is 8 a factor of 1528?
True
Is 13852 a multiple of 235?
False
Is 104 a factor of 7409?
False
Does 26 divide 1287?
False
Does 56 divide 19656?
True
Is 3670 a multiple of 10?
True
Does 162 divide 24774?
False
Is 4 a factor of 482?
False
Is 11 a factor of 1982?
False
Is 132 a factor of 26881?
False
Does 319 divide 40958?
False
Is 255 a multiple of 26?
False
Is 3625 a multiple of 29?
True
Does 10 divide 1885?
False
Does 19 divide 361?
True
Does 3 divide 9830?
False
Is 10430 a multiple of 169?
False
Is 78 a factor of 1635?
False
Does 12 divide 1517?
False
Does 5 divide 1145?
True
Is 94428 a multiple of 12?
True
Is 1559 a multiple of 6?
False
Is 5 a factor of 480?
True
Does 5 divide 995?
True
Is 17 a factor of 3387?
False
Is 2871 a multiple of 33?
True
Does 3 divide 183?
True
Does 15 divide 44595?
True
Is 1140 a multiple of 6?
True
Is 17100 a multiple of 15?
True
Is 6 a factor of 42?
True
Does 44 divide 7392?
True
Does 27 divide 270?
True
Is 16 a factor of 704?
True
Is 11904 a multiple of 16?
True
Is 12743 a multiple of 8?
False
Is 38 a factor of 1634?
True
Does 12 divide 10670?
False
Does 11 divide 561?
True
Is 54 a factor of 2808?
True
Is 8 a factor of 720?
True
Does 472 divide 22558?
False
Does 18 divide 401?
False
Does 66 divide 18942?
True
Is 65 a factor of 41470?
True
Is 28342 a multiple of 11?
False
Does 5 divide 106?
False
Is 158976 a multiple of 92?
True
Is 10 a factor of 90?
True
Is 32 a factor of 4192?
True
Is 24464 a multiple of 16?
True
Is 88311 a multiple of 13?
False
Is 60925 a multiple of 25?
True
Does 80 divide 11040?
True
Is 360 a factor of 90203?
False
Is 5701 a multiple of 75?
False
Is 28 a multiple of 2?
True
Is 136 a factor of 137417?
False
Is 18 a factor of 11952?
True
Is 16 a factor of 17884?
False
Does 32 divide 1120?
True
Is 58 a multiple of 5?
False
Does 16 divide 16736?
True
Does 7 divide 15501?
False
Is 102 a factor of 527?
False
Is 1030 a multiple of 70?
False
Does 5 divide 5440?
True
Is 785 a multiple of 5?
True
Does 25 divide 1100?
True
Does 35 divide 4375?
True
Is 27 a factor of 22491?
True
Is 473 a multiple of 22?
False
Is 7695 a multiple of 9?
True
Is 6 a factor of 2092?
False
Does 48 divide 13059?
False
Is 609 a multiple of 16?
False
Is 24880 a multiple of 100?
False
Is 18 a factor of 415?
False
Does 40 divide 432?
False
Does 20 divide 2964?
False
Does 3 divide 9087?
True
Does 6 divide 2357?
False
Is 34 a factor of 12450?
False
Does 51 divide 153?
True
Is 1583 a multiple of 100?
False
Does 4 divide 476?
True
Is 429 a multiple of 13?
True
Is 154193 a multiple of 29?
True
Is 101 a factor of 9898?
True
Is 43432 a multiple of 7?
False
Is 1647 a multiple of 9?
True
Is 6970 a multiple of 10?
True
Does 171 divide 979?
False
Is 13608 a multiple of 108?
True
Is 100 a factor of 1692?
False
Does 14 divide 1573?
False
Is 13 a factor of 11154?
True
Is 60 a multiple of 4?
True
Is 3 a factor of 524?
False
Is 2852 a multiple of 23?
True
Does 5 divide 170?
True
Is 11128 a multiple of 13?
True
Does 42 divide 439?
False
Does 43 divide 172?
True
Is 52 a factor of 54912?
True
Does 102 divide 14688?
True
Does 38 divide 515?
False
Is 5 a factor of 432?
False
Is 12957 a multiple of 21?
True
Is 27 a factor of 7128?
True
Does 91 divide 1946?
False
Does 32 divide 320?
True
Does 30 divide 2061?
False
Does 100 divide 17250?
False
Is 48224 a multiple of 16?
True
Is 10 a factor of 7167?
False
Does 49 divide 31473?
False
Is 49654 a multiple of 37?
True
Is 256 a multiple of 32?
True
Is 198 a multiple of 11?
True
Does 18 divide 432?
True
Does 34 divide 3488?
False
Does 40 divide 360?
True
Is 28 a factor of 4704?
True
Is 5 a factor of 2218?
False
Is 95 a multiple of 4?
False
Is 7 a factor of 10681?
False
Does 26 divide 9261?
False
Is 6 a factor of 612?
True
Is 22 a factor of 484?
True
Does 21 divide 532?
False
Is 27 a factor of 999?
True
Is 60270 a multiple of 10?
True
Does 136 divide 31824?
True
Is 1722 a multiple of 7?
True
Is 10 a factor of 2520?
True
Is 7293 a multiple of 17?
True
Is 96 a factor of 768?
True
Is 4602 a multiple of 8?
False
Does 174 divide 9222?
True
Does 7 divide 4699?
False
Is 580 a multiple of 22?
False
Is 242 a factor of 14815?
False
Does 45 divide 29675?
False
Is 9 a factor of 5967?
True
Does 15 divide 2520?
True
Does 79 divide 110776?
False
Does 185 divide 6458?
False
Does 10 divide 240?
True
Is 5 a factor of 19?
False
Does 44 divide 69872?
True
Is 44640 a multiple of 288?
True
Is 10 a factor of 27402?
False
Is 442 even?
True
Does 3 divide 747?
True
Does 10 divide 430?
True
Is 2635 a multiple of 85?
True
Is 6 a factor of 334?
False
Is 682 even?
True
Is 76 a factor of 16796?
True
Is 849 a multiple of 12?
False
Does 7 divide 42277?
False
Is 142 a factor of 5800?
False
Is 864 a multiple of 6?
True
Does 30 divide 5221?
False
Does 120 divide 6223?
False
Is 18 a factor of 281?
False
Does 2 divide 987?
False
Is 4 a factor of 92?
True
Does 9 divide 2826?
True
Does 12 divide 48900?
True
Is 495 a multiple of 5?
True
Does 62 divide 5013?
False
Is 45 a factor of 2025?
True
Is 234 a multiple of 39?
True
Is 2930 a multiple of 13?
False
Does 92 divide 1352?
False
Is 152 a factor of 446?
False
Is 114 a factor of 4023?
False
Is 68 a factor of 2720?
True
Is 34 a factor of 29954?
True
Does 221 divide 2210?
True
Is 4473 a multiple of 63?
True
Does 13 divide 16157?
False
Is 52 a multiple of 5?
False
Is 2 a factor of 228?
True
Is 9000 a multiple of 18?
True
Does 259 divide 34188?
True
Is 13 a factor of 494?
True
Is 8 a factor of 4512?
True
Does 7 divide 2834?
False
Does 26 divide 431?
False
Does 6 divide 1289?
False
Is 75766 a multiple of 92?
False
Does 137 divide 16714?
True
Is 24300 a multiple of 12?
True
Is 15 a factor of 4605?
True
Does 10 divide 172070?
True
Is 2514 even?
True
Is 22388 a multiple of 154?
False
Does 30 divide 9183?
False
Is 15 a factor of 7770?
True
Does 31 divide 1312?
False
Is 144 a multiple of 6?
True
Does 142 divide 33678?
False
Is 1181 a multiple of 125?
False
Is 59784 a multiple of 20?
False
Is 118462 a multiple of 122?
True
Does 392 divide 170952?
False
Is 16642 a multiple of 35?
False
Does 13 divide 110?
False
Is 135 a multiple of 45?
True
Is 24154 a multiple of 26?
True
Is 8120 a multiple of 56?
True
Is 12 a factor of 135564?
True
Is 756 a multiple of 14?
True
Is 359 a multiple of 5?
False
Is 42 a factor of 600?
False
Is 9 a factor of 122?
False
Is 28943 a multiple of 12?
False
Is 1503 a multiple of 9?
True
Is 2418 a multiple of 31?
True
Does 29 divide 116?
True
Is 12 a factor of 448?
False
Is 3564 a multiple of 22?
True
Does 399 divide 25935?
True
Is 25 a factor of 13575?
True
Is 1421 a multiple of 29?
True
Does 66 divide 2046?
True
Is 28 a factor of 10752?
True
Does 43 divide 7138?
True
Does 22 divide 26158?
True
Does 10 divide 1234?
False
Is 2 a factor of 4651?
False
Does 5 divide 1005?
True
Is 4032 a multiple of 48?
True
Is 153 a factor of 4437?
True
Does 170 